{"id":17,"date":"2022-02-26T19:12:11","date_gmt":"2022-02-26T18:12:11","guid":{"rendered":"http:\/\/sitio.juntadeflores.gub.uy\/?page_id=17"},"modified":"2024-11-22T18:20:32","modified_gmt":"2024-11-22T17:20:32","slug":"institucional","status":"publish","type":"page","link":"https:\/\/www.juntadeflores.gub.uy\/index.php\/institucional\/","title":{"rendered":"Institucional"},"content":{"rendered":"<p>[et_pb_section fb_built=\u00bb1&#8243; use_custom_gutter=\u00bbon\u00bb gutter_width=\u00bb1&#8243; specialty=\u00bbon\u00bb background_color_2=\u00bb#f7f7f7&#8243; padding_top_2=\u00bb60px\u00bb admin_label=\u00bbAbout Us\u00bb module_class=\u00bb et_pb_specialty_fullwidth\u00bb _builder_version=\u00bb4.21.0&#8243; use_background_color_gradient=\u00bbon\u00bb background_color_gradient_type=\u00bbcircular\u00bb background_color_gradient_direction_radial=\u00bbtop left\u00bb background_color_gradient_stops=\u00bbrgba(12,12,12,0.4) 0%|rgba(12,12,12,0) 100%\u00bb background_color_gradient_overlays_image=\u00bbon\u00bb background_color_gradient_start=\u00bbrgba(12,12,12,0.4)\u00bb background_color_gradient_end=\u00bbrgba(12,12,12,0)\u00bb background_image=\u00bbhttp:\/\/www.juntadeflores.gub.uy\/wp-content\/uploads\/2023\/07\/juntafachada.jpeg\u00bb inner_width=\u00bb100%\u00bb inner_width_tablet=\u00bb100%\u00bb inner_width_phone=\u00bb100%\u00bb inner_width_last_edited=\u00bbon|desktop\u00bb inner_max_width=\u00bb100%\u00bb inner_max_width_tablet=\u00bb100%\u00bb inner_max_width_phone=\u00bb100%\u00bb inner_max_width_last_edited=\u00bbon|desktop\u00bb custom_margin=\u00bb|||\u00bb custom_padding=\u00bb0px|0px|0px|0px|true|false\u00bb background_last_edited=\u00bbon|phone\u00bb parallax_tablet=\u00bboff\u00bb background_size_tablet=\u00bbcontain\u00bb background_size_phone=\u00bbcontain\u00bb background_position_tablet=\u00bbtop_center\u00bb make_fullwidth=\u00bbon\u00bb global_colors_info=\u00bb{}\u00bb][et_pb_column type=\u00bb1_3&#8243; _builder_version=\u00bb4.16&#8243; custom_padding=\u00bb|||\u00bb global_colors_info=\u00bb{}\u00bb custom_padding__hover=\u00bb|||\u00bb][et_pb_divider show_divider=\u00bboff\u00bb _builder_version=\u00bb4.21.0&#8243; height=\u00bb240px\u00bb global_colors_info=\u00bb{}\u00bb][\/et_pb_divider][\/et_pb_column][et_pb_column type=\u00bb2_3&#8243; specialty_columns=\u00bb2&#8243; _builder_version=\u00bb4.16&#8243; background_color=\u00bb#f7f7f7&#8243; custom_padding=\u00bb|||\u00bb global_colors_info=\u00bb{}\u00bb custom_padding__hover=\u00bb|||\u00bb][et_pb_row_inner custom_padding_last_edited=\u00bbon|tablet\u00bb _builder_version=\u00bb4.16&#8243; custom_margin=\u00bb|||\u00bb custom_padding=\u00bb|0vw|45px|8vw|false|false\u00bb custom_padding_tablet=\u00bb|40px||40px||true\u00bb custom_padding_phone=\u00bb\u00bb global_colors_info=\u00bb{}\u00bb][et_pb_column_inner saved_specialty_column_type=\u00bb2_3&#8243; _builder_version=\u00bb4.16&#8243; custom_padding=\u00bb|||\u00bb global_colors_info=\u00bb{}\u00bb custom_padding__hover=\u00bb|||\u00bb][et_pb_text _builder_version=\u00bb4.16&#8243; text_font=\u00bb||||||||\u00bb header_font=\u00bb||||||||\u00bb header_2_font=\u00bbRubik|700|||||||\u00bb header_2_font_size=\u00bb42px\u00bb header_2_line_height=\u00bb1.2em\u00bb module_alignment=\u00bbcenter\u00bb custom_margin=\u00bb|||\u00bb custom_padding=\u00bb|||\u00bb header_2_font_size_tablet=\u00bb\u00bb header_2_font_size_phone=\u00bb36px\u00bb header_2_font_size_last_edited=\u00bbon|phone\u00bb locked=\u00bboff\u00bb global_colors_info=\u00bb{}\u00bb]<\/p>\n<h2>Institucional<\/h2>\n<p>[\/et_pb_text][et_pb_divider color=\u00bb#ffb400&#8243; divider_position=\u00bbcenter\u00bb divider_weight=\u00bb5px\u00bb _builder_version=\u00bb4.16&#8243; max_width=\u00bb50px\u00bb global_colors_info=\u00bb{}\u00bb][\/et_pb_divider][\/et_pb_column_inner][\/et_pb_row_inner][et_pb_row_inner column_structure=\u00bb1_2,1_2&#8243; use_custom_gutter=\u00bbon\u00bb custom_padding_last_edited=\u00bbon|tablet\u00bb _builder_version=\u00bb4.16&#8243; module_alignment=\u00bbcenter\u00bb custom_margin=\u00bb|||\u00bb custom_padding=\u00bb0px|8vw|0px|8vw|true|true\u00bb custom_padding_tablet=\u00bb|40px||40px||true\u00bb custom_padding_phone=\u00bb\u00bb global_colors_info=\u00bb{}\u00bb][et_pb_column_inner type=\u00bb1_2&#8243; saved_specialty_column_type=\u00bb2_3&#8243; _builder_version=\u00bb4.16&#8243; custom_padding=\u00bb|||\u00bb custom_padding_tablet=\u00bb|0px||\u00bb custom_padding_last_edited=\u00bboff|desktop\u00bb global_colors_info=\u00bb{}\u00bb padding_tablet=\u00bb|0px||\u00bb padding_last_edited=\u00bboff|desktop\u00bb custom_padding__hover=\u00bb|||\u00bb][et_pb_text _builder_version=\u00bb4.16&#8243; text_font=\u00bb||||||||\u00bb text_font_size=\u00bb15px\u00bb text_line_height=\u00bb1.8em\u00bb custom_padding=\u00bb|||\u00bb custom_padding_tablet=\u00bb|40px||40px||true\u00bb custom_padding_last_edited=\u00bboff|desktop\u00bb global_colors_info=\u00bb{}\u00bb]<\/p>\n<div align=\"left\"><span style=\"font-family: Verdana, Arial, Helvetica, sans-serif; font-size: small; color: #000080;\"><b>\u00bfQu\u00e9 es?<\/b><\/span><\/div>\n<p align=\"left\"><span style=\"font-family: Verdana, Arial, Helvetica, sans-serif; font-size: small;\">La Junta Departamental es el \u00f3rgano legislativo y de control del Gobierno Departamental.<br \/>Se compone de treinta y un miembros que, de acuerdo con la ley, se denominan Ediles, y duran un per\u00edodo de cinco a\u00f1os en el cargo, pudiendo ser reelectos. Sus funciones son honorarias.<\/span><\/p>\n<p align=\"left\"><span style=\"font-family: Verdana, Arial, Helvetica, sans-serif; font-size: small; color: #000080;\"><b>\u00bf C\u00f3mo se elige ?<\/b><\/span><\/p>\n<p align=\"left\"><span style=\"font-family: Verdana, Arial, Helvetica, sans-serif; font-size: small;\">Las Juntas Departamentales, al igual que los Intendentes, son elegidos directamente por el pueblo.<\/span><\/p>\n<p align=\"left\"><span style=\"font-family: Verdana, Arial, Helvetica, sans-serif; font-size: small;\">Seg\u00fan la reforma constitucional de 1997, las elecciones departamentales se realizan el segundo domingo de mayo del a\u00f1o siguiente a las elecciones nacionales, y los electos asumen sus funciones sesenta d\u00edas despu\u00e9s. Este cambio en el calendario electoral fue implementado con el objetivo de diferenciar los procesos electorales nacionales de los departamentales, otorgando mayor independencia y claridad a cada instancia democr\u00e1tica.<br \/><\/span><\/p>\n<p align=\"left\"><span style=\"font-family: Verdana, Arial, Helvetica, sans-serif; font-size: small;\">Para poder ser electo Edil se requiere tener 18 a\u00f1os cumplidos de edad, ciudadan\u00eda natural o legal con tres a\u00f1os de ejercicio, y ser nativo del departamento o estar radicado en \u00e9l desde tres a\u00f1os antes, por lo menos.<\/span><\/p>\n<p>[\/et_pb_text][\/et_pb_column_inner][et_pb_column_inner type=\u00bb1_2&#8243; saved_specialty_column_type=\u00bb2_3&#8243; _builder_version=\u00bb4.16&#8243; custom_padding=\u00bb|||\u00bb global_colors_info=\u00bb{}\u00bb custom_padding__hover=\u00bb|||\u00bb][et_pb_text _builder_version=\u00bb4.16&#8243; text_font=\u00bb||||||||\u00bb text_font_size=\u00bb15px\u00bb text_line_height=\u00bb1.8em\u00bb locked=\u00bboff\u00bb global_colors_info=\u00bb{}\u00bb]<\/p>\n<p align=\"left\"><span style=\"color: #000080;\"><b><span style=\"font-family: Verdana, Arial, Helvetica, sans-serif; font-size: small;\">\u00bfCu\u00e1les son sus funciones?<\/span><\/b><\/span><\/p>\n<p align=\"left\"><span style=\"font-family: Verdana, Arial, Helvetica, sans-serif; font-size: small;\">La Junta Departamental dicta los decretos y resoluciones que juzgue necesarios, dentro de su competencia, a propuesta del Intendente o por su propia iniciativa. En general, ejerce funciones legislativas, dictando decretos u ordenanzas en materia departamental, por ejemplo, en relaci\u00f3n a la descentralizaci\u00f3n y participaci\u00f3n vecinal, al ordenamiento territorial, a la edificaci\u00f3n en los centros urbanos, al trazado y alineaci\u00f3n de las calles y caminos vecinales y departamentales, a la higiene y calidad de alimentos y bebidas, al tr\u00e1nsito y los servicios de transporte. Entre otras tiene las siguientes funciones:<\/span><\/p>\n<ul>\n<li><span style=\"font-family: Verdana, Arial, Helvetica, sans-serif; font-size: small;\">Velar por la conservaci\u00f3n de los derechos individuales de los habitantes del departamento.<\/span><\/li>\n<li><span style=\"font-family: Verdana, Arial, Helvetica, sans-serif; font-size: small;\">Crear Junta Locales, a propuesta del Intendente, y otorgar anuencia para designar sus miembros.<\/span><\/li>\n<li><span style=\"font-family: Verdana, Arial, Helvetica, sans-serif; font-size: small;\">Determinar la nomenclatura de las calles, caminos, plazas, paseos, y autorizar el emplazamiento de monumentos o estatuas en lugares de uso p\u00fablico.<\/span><\/li>\n<li><span style=\"font-family: Verdana, Arial, Helvetica, sans-serif; font-size: small;\">Reglamentar los espect\u00e1culos p\u00fablicos, velando especialmente, por todo lo que haga referencia con la cultura, as\u00ed como en lo referente a la higiene, seguridad y comodidad de los locales.<\/span><\/li>\n<li><span style=\"font-family: Verdana, Arial, Helvetica, sans-serif; font-size: small;\">Aprobar el presupuesto del Gobierno Departamental (el cual prev\u00e9 la realizaci\u00f3n de las obras y el cumplimiento de los servicios en el Departamento durante el per\u00edodo de gobierno, y los recursos financieros necesarios para realizarlos).<\/span><\/li>\n<li><span style=\"font-family: Verdana, Arial, Helvetica, sans-serif; font-size: small;\">Otorgar concesiones para servicios p\u00fablicos locales o departamentales.<\/span><\/li>\n<li><span style=\"font-family: Verdana, Arial, Helvetica, sans-serif; font-size: small;\">Sancionar el estatuto de los funcionarios del Gobierno Departamental, previendo sus derechos y obligaciones.<\/span><\/li>\n<li><span style=\"font-family: Verdana, Arial, Helvetica, sans-serif; font-size: small;\">Reclamar ante la Suprema Corte de Justicia por cualquier lesi\u00f3n que se infiera a la autonom\u00eda del Departamento.<\/span><\/li>\n<\/ul>\n<p>[\/et_pb_text][\/et_pb_column_inner][\/et_pb_row_inner][et_pb_row_inner column_structure=\u00bb1_2,1_2&#8243; padding_top_bottom_link_1=\u00bbtrue\u00bb padding_top_bottom_link_2=\u00bbtrue\u00bb _builder_version=\u00bb4.16&#8243; background_color=\u00bb#2a2a2a\u00bb custom_margin=\u00bb120px||0px|\u00bb custom_padding=\u00bb0px||0px||true\u00bb animation_style=\u00bbslide\u00bb animation_direction=\u00bbtop\u00bb animation_intensity_slide=\u00bb10%\u00bb box_shadow_style=\u00bbpreset3&#8243; box_shadow_vertical=\u00bb30px\u00bb box_shadow_blur=\u00bb65px\u00bb box_shadow_spread=\u00bb-30px\u00bb box_shadow_color=\u00bbrgba(0,0,0,0.35)\u00bb global_colors_info=\u00bb{}\u00bb][et_pb_column_inner type=\u00bb1_2&#8243; saved_specialty_column_type=\u00bb2_3&#8243; _builder_version=\u00bb4.16&#8243; background_color=\u00bb#ffb400&#8243; custom_padding=\u00bb15px||15px|\u00bb global_colors_info=\u00bb{}\u00bb custom_padding__hover=\u00bb|||\u00bb][et_pb_number_counter title=\u00bbCandidad de Ediles\u00bb number=\u00bb31&#8243; percent_sign=\u00bboff\u00bb _builder_version=\u00bb4.17.3&#8243; title_font=\u00bbRubik|700||on|||||\u00bb title_font_size=\u00bb12px\u00bb title_letter_spacing=\u00bb2px\u00bb title_line_height=\u00bb1.6em\u00bb number_font=\u00bbRubik|700|||||||\u00bb number_text_color=\u00bb#2a2a2a\u00bb number_font_size=\u00bb42px\u00bb number_line_height=\u00bb110px\u00bb link_option_url=\u00bbhttp:\/\/juntadeflores.gub.uy\/index.php\/ediles\/\u00bb number_font_size_tablet=\u00bb\u00bb number_font_size_phone=\u00bb36px\u00bb number_font_size_last_edited=\u00bbon|phone\u00bb global_colors_info=\u00bb{}\u00bb][\/et_pb_number_counter][\/et_pb_column_inner][et_pb_column_inner type=\u00bb1_2&#8243; saved_specialty_column_type=\u00bb2_3&#8243; _builder_version=\u00bb4.16&#8243; background_color=\u00bb#2a2a2a\u00bb custom_padding=\u00bb15px||15px|\u00bb global_colors_info=\u00bb{}\u00bb custom_padding__hover=\u00bb|||\u00bb][et_pb_text _builder_version=\u00bb4.17.3&#8243; _module_preset=\u00bbdefault\u00bb text_font=\u00bb|||on|||||\u00bb link_option_url=\u00bbhttp:\/\/juntadeflores.gub.uy\/index.php\/documentos\/\u00bb global_colors_info=\u00bb{}\u00bb]<\/p>\n<p style=\"text-align: center;\"><span style=\"color: #ffffff;\"><\/span><\/p>\n<p style=\"text-align: center;\"><span style=\"color: #ffffff;\"><\/span><\/p>\n<p style=\"text-align: center;\"><span style=\"color: #ffffff;\"><\/span><\/p>\n<p style=\"text-align: center;\"><span style=\"color: #ffffff;\">Acceso a Documentos<\/span><\/p>\n<p>[\/et_pb_text][\/et_pb_column_inner][\/et_pb_row_inner][\/et_pb_column][\/et_pb_section]<\/p>\n","protected":false},"excerpt":{"rendered":"<p>Institucional\u00bfQu\u00e9 es? La Junta Departamental es el \u00f3rgano legislativo y de control del Gobierno Departamental.Se compone de treinta y un miembros que, de acuerdo con la ley, se denominan Ediles, y duran un per\u00edodo de cinco a\u00f1os en el cargo, pudiendo ser reelectos. Sus funciones son honorarias. \u00bf C\u00f3mo se elige ? Las Juntas Departamentales, [&hellip;]<\/p>\n","protected":false},"author":1,"featured_media":0,"parent":0,"menu_order":0,"comment_status":"closed","ping_status":"closed","template":"","meta":{"_et_pb_use_builder":"on","_et_pb_old_content":"","_et_gb_content_width":"","footnotes":""},"class_list":["post-17","page","type-page","status-publish","hentry"],"_links":{"self":[{"href":"https:\/\/www.juntadeflores.gub.uy\/index.php\/wp-json\/wp\/v2\/pages\/17","targetHints":{"allow":["GET"]}}],"collection":[{"href":"https:\/\/www.juntadeflores.gub.uy\/index.php\/wp-json\/wp\/v2\/pages"}],"about":[{"href":"https:\/\/www.juntadeflores.gub.uy\/index.php\/wp-json\/wp\/v2\/types\/page"}],"author":[{"embeddable":true,"href":"https:\/\/www.juntadeflores.gub.uy\/index.php\/wp-json\/wp\/v2\/users\/1"}],"replies":[{"embeddable":true,"href":"https:\/\/www.juntadeflores.gub.uy\/index.php\/wp-json\/wp\/v2\/comments?post=17"}],"version-history":[{"count":11,"href":"https:\/\/www.juntadeflores.gub.uy\/index.php\/wp-json\/wp\/v2\/pages\/17\/revisions"}],"predecessor-version":[{"id":1068,"href":"https:\/\/www.juntadeflores.gub.uy\/index.php\/wp-json\/wp\/v2\/pages\/17\/revisions\/1068"}],"wp:attachment":[{"href":"https:\/\/www.juntadeflores.gub.uy\/index.php\/wp-json\/wp\/v2\/media?parent=17"}],"curies":[{"name":"wp","href":"https:\/\/api.w.org\/{rel}","templated":true}]}}

<p>[et_pb_section fb_built=»1&#8243; use_custom_gutter=»on» gutter_width=»1&#8243; specialty=»on» background_color_2=»#f7f7f7&#8243; padding_top_2=»60px» admin_label=»About Us» module_class=» et_pb_specialty_fullwidth» _builder_version=»4.21.0&#8243; use_background_color_gradient=»on» background_color_gradient_type=»circular» background_color_gradient_direction_radial=»top left» background_color_gradient_stops=»rgba(12,12,12,0.4) 0%|rgba(12,12,12,0) 100%» background_color_gradient_overlays_image=»on» background_color_gradient_start=»rgba(12,12,12,0.4)» background_color_gradient_end=»rgba(12,12,12,0)» background_image=»http://www.juntadeflores.gub.uy/wp-content/uploads/2023/07/juntafachada.jpeg» inner_width=»100%» inner_width_tablet=»100%» inner_width_phone=»100%» inner_width_last_edited=»on|desktop» inner_max_width=»100%» inner_max_width_tablet=»100%» inner_max_width_phone=»100%» inner_max_width_last_edited=»on|desktop» custom_margin=»|||» custom_padding=»0px|0px|0px|0px|true|false» background_last_edited=»on|phone» parallax_tablet=»off» background_size_tablet=»contain» background_size_phone=»contain» background_position_tablet=»top_center» make_fullwidth=»on» global_colors_info=»{}»][et_pb_column type=»1_3&#8243; _builder_version=»4.16&#8243; custom_padding=»|||» global_colors_info=»{}» custom_padding__hover=»|||»][et_pb_divider show_divider=»off» _builder_version=»4.21.0&#8243; height=»240px» global_colors_info=»{}»][/et_pb_divider][/et_pb_column][et_pb_column type=»2_3&#8243; specialty_columns=»2&#8243; _builder_version=»4.16&#8243; background_color=»#f7f7f7&#8243; custom_padding=»|||» global_colors_info=»{}» custom_padding__hover=»|||»][et_pb_row_inner custom_padding_last_edited=»on|tablet» _builder_version=»4.16&#8243; custom_margin=»|||» custom_padding=»|0vw|45px|8vw|false|false» custom_padding_tablet=»|40px||40px||true» custom_padding_phone=»» global_colors_info=»{}»][et_pb_column_inner saved_specialty_column_type=»2_3&#8243; _builder_version=»4.16&#8243; custom_padding=»|||» global_colors_info=»{}» custom_padding__hover=»|||»][et_pb_text _builder_version=»4.16&#8243; text_font=»||||||||» header_font=»||||||||» header_2_font=»Rubik|700|||||||» header_2_font_size=»42px» header_2_line_height=»1.2em» module_alignment=»center» custom_margin=»|||» custom_padding=»|||» header_2_font_size_tablet=»» header_2_font_size_phone=»36px» header_2_font_size_last_edited=»on|phone» locked=»off» global_colors_info=»{}»]</p>
<h2>Institucional</h2>
<p>[/et_pb_text][et_pb_divider color=»#ffb400&#8243; divider_position=»center» divider_weight=»5px» _builder_version=»4.16&#8243; max_width=»50px» global_colors_info=»{}»][/et_pb_divider][/et_pb_column_inner][/et_pb_row_inner][et_pb_row_inner column_structure=»1_2,1_2&#8243; use_custom_gutter=»on» custom_padding_last_edited=»on|tablet» _builder_version=»4.16&#8243; module_alignment=»center» custom_margin=»|||» custom_padding=»0px|8vw|0px|8vw|true|true» custom_padding_tablet=»|40px||40px||true» custom_padding_phone=»» global_colors_info=»{}»][et_pb_column_inner type=»1_2&#8243; saved_specialty_column_type=»2_3&#8243; _builder_version=»4.16&#8243; custom_padding=»|||» custom_padding_tablet=»|0px||» custom_padding_last_edited=»off|desktop» global_colors_info=»{}» padding_tablet=»|0px||» padding_last_edited=»off|desktop» custom_padding__hover=»|||»][et_pb_text _builder_version=»4.16&#8243; text_font=»||||||||» text_font_size=»15px» text_line_height=»1.8em» custom_padding=»|||» custom_padding_tablet=»|40px||40px||true» custom_padding_last_edited=»off|desktop» global_colors_info=»{}»]</p>
<div align="left"><span style="font-family: Verdana, Arial, Helvetica, sans-serif; font-size: small; color: #000080;"><b>¿Qué es?</b></span></div>
<p align="left"><span style="font-family: Verdana, Arial, Helvetica, sans-serif; font-size: small;">La Junta Departamental es el órgano legislativo y de control del Gobierno Departamental.<br />Se compone de treinta y un miembros que, de acuerdo con la ley, se denominan Ediles, y duran un período de cinco años en el cargo, pudiendo ser reelectos. Sus funciones son honorarias.</span></p>
<p align="left"><span style="font-family: Verdana, Arial, Helvetica, sans-serif; font-size: small; color: #000080;"><b>¿ Cómo se elige ?</b></span></p>
<p align="left"><span style="font-family: Verdana, Arial, Helvetica, sans-serif; font-size: small;">Las Juntas Departamentales, al igual que los Intendentes, son elegidos directamente por el pueblo.</span></p>
<p align="left"><span style="font-family: Verdana, Arial, Helvetica, sans-serif; font-size: small;">Según la reforma constitucional de 1997, las elecciones departamentales se realizan el segundo domingo de mayo del año siguiente a las elecciones nacionales, y los electos asumen sus funciones sesenta días después. Este cambio en el calendario electoral fue implementado con el objetivo de diferenciar los procesos electorales nacionales de los departamentales, otorgando mayor independencia y claridad a cada instancia democrática.<br /></span></p>
<p align="left"><span style="font-family: Verdana, Arial, Helvetica, sans-serif; font-size: small;">Para poder ser electo Edil se requiere tener 18 años cumplidos de edad, ciudadanía natural o legal con tres años de ejercicio, y ser nativo del departamento o estar radicado en él desde tres años antes, por lo menos.</span></p>
<p>[/et_pb_text][/et_pb_column_inner][et_pb_column_inner type=»1_2&#8243; saved_specialty_column_type=»2_3&#8243; _builder_version=»4.16&#8243; custom_padding=»|||» global_colors_info=»{}» custom_padding__hover=»|||»][et_pb_text _builder_version=»4.16&#8243; text_font=»||||||||» text_font_size=»15px» text_line_height=»1.8em» locked=»off» global_colors_info=»{}»]</p>
<p align="left"><span style="color: #000080;"><b><span style="font-family: Verdana, Arial, Helvetica, sans-serif; font-size: small;">¿Cuáles son sus funciones?</span></b></span></p>
<p align="left"><span style="font-family: Verdana, Arial, Helvetica, sans-serif; font-size: small;">La Junta Departamental dicta los decretos y resoluciones que juzgue necesarios, dentro de su competencia, a propuesta del Intendente o por su propia iniciativa. En general, ejerce funciones legislativas, dictando decretos u ordenanzas en materia departamental, por ejemplo, en relación a la descentralización y participación vecinal, al ordenamiento territorial, a la edificación en los centros urbanos, al trazado y alineación de las calles y caminos vecinales y departamentales, a la higiene y calidad de alimentos y bebidas, al tránsito y los servicios de transporte. Entre otras tiene las siguientes funciones:</span></p>
<ul>
<li><span style="font-family: Verdana, Arial, Helvetica, sans-serif; font-size: small;">Velar por la conservación de los derechos individuales de los habitantes del departamento.</span></li>
<li><span style="font-family: Verdana, Arial, Helvetica, sans-serif; font-size: small;">Crear Junta Locales, a propuesta del Intendente, y otorgar anuencia para designar sus miembros.</span></li>
<li><span style="font-family: Verdana, Arial, Helvetica, sans-serif; font-size: small;">Determinar la nomenclatura de las calles, caminos, plazas, paseos, y autorizar el emplazamiento de monumentos o estatuas en lugares de uso público.</span></li>
<li><span style="font-family: Verdana, Arial, Helvetica, sans-serif; font-size: small;">Reglamentar los espectáculos públicos, velando especialmente, por todo lo que haga referencia con la cultura, así como en lo referente a la higiene, seguridad y comodidad de los locales.</span></li>
<li><span style="font-family: Verdana, Arial, Helvetica, sans-serif; font-size: small;">Aprobar el presupuesto del Gobierno Departamental (el cual prevé la realización de las obras y el cumplimiento de los servicios en el Departamento durante el período de gobierno, y los recursos financieros necesarios para realizarlos).</span></li>
<li><span style="font-family: Verdana, Arial, Helvetica, sans-serif; font-size: small;">Otorgar concesiones para servicios públicos locales o departamentales.</span></li>
<li><span style="font-family: Verdana, Arial, Helvetica, sans-serif; font-size: small;">Sancionar el estatuto de los funcionarios del Gobierno Departamental, previendo sus derechos y obligaciones.</span></li>
<li><span style="font-family: Verdana, Arial, Helvetica, sans-serif; font-size: small;">Reclamar ante la Suprema Corte de Justicia por cualquier lesión que se infiera a la autonomía del Departamento.</span></li>
</ul>
<p>[/et_pb_text][/et_pb_column_inner][/et_pb_row_inner][et_pb_row_inner column_structure=»1_2,1_2&#8243; padding_top_bottom_link_1=»true» padding_top_bottom_link_2=»true» _builder_version=»4.16&#8243; background_color=»#2a2a2a» custom_margin=»120px||0px|» custom_padding=»0px||0px||true» animation_style=»slide» animation_direction=»top» animation_intensity_slide=»10%» box_shadow_style=»preset3&#8243; box_shadow_vertical=»30px» box_shadow_blur=»65px» box_shadow_spread=»-30px» box_shadow_color=»rgba(0,0,0,0.35)» global_colors_info=»{}»][et_pb_column_inner type=»1_2&#8243; saved_specialty_column_type=»2_3&#8243; _builder_version=»4.16&#8243; background_color=»#ffb400&#8243; custom_padding=»15px||15px|» global_colors_info=»{}» custom_padding__hover=»|||»][et_pb_number_counter title=»Candidad de Ediles» number=»31&#8243; percent_sign=»off» _builder_version=»4.17.3&#8243; title_font=»Rubik|700||on|||||» title_font_size=»12px» title_letter_spacing=»2px» title_line_height=»1.6em» number_font=»Rubik|700|||||||» number_text_color=»#2a2a2a» number_font_size=»42px» number_line_height=»110px» link_option_url=»http://juntadeflores.gub.uy/index.php/ediles/» number_font_size_tablet=»» number_font_size_phone=»36px» number_font_size_last_edited=»on|phone» global_colors_info=»{}»][/et_pb_number_counter][/et_pb_column_inner][et_pb_column_inner type=»1_2&#8243; saved_specialty_column_type=»2_3&#8243; _builder_version=»4.16&#8243; background_color=»#2a2a2a» custom_padding=»15px||15px|» global_colors_info=»{}» custom_padding__hover=»|||»][et_pb_text _builder_version=»4.17.3&#8243; _module_preset=»default» text_font=»|||on|||||» link_option_url=»http://juntadeflores.gub.uy/index.php/documentos/» global_colors_info=»{}»]</p>
<p style="text-align: center;"><span style="color: #ffffff;"></span></p>
<p style="text-align: center;"><span style="color: #ffffff;"></span></p>
<p style="text-align: center;"><span style="color: #ffffff;"></span></p>
<p style="text-align: center;"><span style="color: #ffffff;">Acceso a Documentos</span></p>
<p>[/et_pb_text][/et_pb_column_inner][/et_pb_row_inner][/et_pb_column][/et_pb_section]</p>

<p>Institucional¿Qué es? La Junta Departamental es el órgano legislativo y de control del Gobierno Departamental.Se compone de treinta y un miembros que, de acuerdo con la ley, se denominan Ediles, y duran un período de cinco años en el cargo, pudiendo ser reelectos. Sus funciones son honorarias. ¿ Cómo se elige ? Las Juntas Departamentales, [&hellip;]</p>
