{"id":47,"date":"2022-02-26T19:27:36","date_gmt":"2022-02-26T18:27:36","guid":{"rendered":"http:\/\/sitio.juntadeflores.gub.uy\/?page_id=47"},"modified":"2024-11-22T15:06:41","modified_gmt":"2024-11-22T14:06:41","slug":"marco-juridico","status":"publish","type":"page","link":"https:\/\/www.juntadeflores.gub.uy\/index.php\/marco-juridico\/","title":{"rendered":"Marco Jur\u00eddico"},"content":{"rendered":"<p>[et_pb_section fb_built=\u00bb1&#8243; use_custom_gutter=\u00bbon\u00bb gutter_width=\u00bb1&#8243; specialty=\u00bbon\u00bb background_color_2=\u00bb#f7f7f7&#8243; padding_top_2=\u00bb60px\u00bb admin_label=\u00bbAbout Us\u00bb module_class=\u00bb et_pb_specialty_fullwidth\u00bb _builder_version=\u00bb4.16&#8243; use_background_color_gradient=\u00bbon\u00bb background_color_gradient_type=\u00bbcircular\u00bb background_color_gradient_direction_radial=\u00bbtop left\u00bb background_color_gradient_stops=\u00bbrgba(12,12,12,0.4) 0%|rgba(12,12,12,0) 100%\u00bb background_color_gradient_overlays_image=\u00bbon\u00bb background_color_gradient_start=\u00bbrgba(12,12,12,0.4)\u00bb background_color_gradient_end=\u00bbrgba(12,12,12,0)\u00bb background_image=\u00bbhttp:\/\/sitio.juntadeflores.gub.uy\/wp-content\/uploads\/2022\/03\/marco-juridico.jpg\u00bb inner_width=\u00bb100%\u00bb inner_width_tablet=\u00bb100%\u00bb inner_width_phone=\u00bb100%\u00bb inner_width_last_edited=\u00bbon|desktop\u00bb inner_max_width=\u00bb100%\u00bb inner_max_width_tablet=\u00bb100%\u00bb inner_max_width_phone=\u00bb100%\u00bb inner_max_width_last_edited=\u00bbon|desktop\u00bb custom_margin=\u00bb|||\u00bb custom_padding=\u00bb0px|0px|0px|0px|true|false\u00bb background_last_edited=\u00bbon|tablet\u00bb parallax_tablet=\u00bboff\u00bb background_size_tablet=\u00bbcontain\u00bb background_size_phone=\u00bbcontain\u00bb background_position_tablet=\u00bbtop_center\u00bb make_fullwidth=\u00bbon\u00bb global_colors_info=\u00bb{}\u00bb][et_pb_column type=\u00bb1_3&#8243; _builder_version=\u00bb4.16&#8243; custom_padding=\u00bb|||\u00bb global_colors_info=\u00bb{}\u00bb custom_padding__hover=\u00bb|||\u00bb][et_pb_divider show_divider=\u00bboff\u00bb _builder_version=\u00bb4.16&#8243; height=\u00bb240px\u00bb custom_padding_tablet=\u00bb||100px||false|false\u00bb custom_padding_phone=\u00bb||0px||false|false\u00bb custom_padding_last_edited=\u00bbon|phone\u00bb background_last_edited=\u00bbon|tablet\u00bb global_colors_info=\u00bb{}\u00bb][\/et_pb_divider][\/et_pb_column][et_pb_column type=\u00bb2_3&#8243; specialty_columns=\u00bb2&#8243; _builder_version=\u00bb4.16&#8243; background_color=\u00bb#f7f7f7&#8243; custom_padding=\u00bb|||\u00bb global_colors_info=\u00bb{}\u00bb custom_padding__hover=\u00bb|||\u00bb][et_pb_row_inner custom_padding_last_edited=\u00bbon|tablet\u00bb _builder_version=\u00bb4.16&#8243; custom_margin=\u00bb|||\u00bb custom_padding=\u00bb|0vw|45px|8vw|false|false\u00bb custom_padding_tablet=\u00bb|40px||40px||true\u00bb custom_padding_phone=\u00bb\u00bb global_colors_info=\u00bb{}\u00bb][et_pb_column_inner saved_specialty_column_type=\u00bb2_3&#8243; _builder_version=\u00bb4.16&#8243; custom_padding=\u00bb|||\u00bb global_colors_info=\u00bb{}\u00bb custom_padding__hover=\u00bb|||\u00bb][et_pb_text _builder_version=\u00bb4.16&#8243; text_font=\u00bb||||||||\u00bb header_font=\u00bb||||||||\u00bb header_2_font=\u00bbRubik|700|||||||\u00bb header_2_font_size=\u00bb42px\u00bb header_2_line_height=\u00bb1.2em\u00bb module_alignment=\u00bbcenter\u00bb custom_margin=\u00bb|||\u00bb custom_padding=\u00bb|||\u00bb header_2_font_size_tablet=\u00bb\u00bb header_2_font_size_phone=\u00bb36px\u00bb header_2_font_size_last_edited=\u00bbon|phone\u00bb locked=\u00bboff\u00bb global_colors_info=\u00bb{}\u00bb]<\/p>\n<h2>Marco Jur\u00eddico y Cometidos<\/h2>\n<p>[\/et_pb_text][et_pb_divider color=\u00bb#ffb400&#8243; divider_position=\u00bbcenter\u00bb divider_weight=\u00bb5px\u00bb _builder_version=\u00bb4.16&#8243; max_width=\u00bb50px\u00bb global_colors_info=\u00bb{}\u00bb][\/et_pb_divider][\/et_pb_column_inner][\/et_pb_row_inner][et_pb_row_inner use_custom_gutter=\u00bbon\u00bb custom_padding_last_edited=\u00bbon|tablet\u00bb _builder_version=\u00bb4.16&#8243; module_alignment=\u00bbcenter\u00bb custom_margin=\u00bb|||\u00bb custom_padding=\u00bb0px|8vw|0px|8vw|true|true\u00bb custom_padding_tablet=\u00bb|40px||40px||true\u00bb custom_padding_phone=\u00bb\u00bb global_colors_info=\u00bb{}\u00bb][et_pb_column_inner saved_specialty_column_type=\u00bb2_3&#8243; _builder_version=\u00bb4.16&#8243; custom_padding=\u00bb|||\u00bb custom_padding_tablet=\u00bb|0px||\u00bb custom_padding_last_edited=\u00bboff|desktop\u00bb global_colors_info=\u00bb{}\u00bb padding_tablet=\u00bb|0px||\u00bb padding_last_edited=\u00bboff|desktop\u00bb custom_padding__hover=\u00bb|||\u00bb][et_pb_text _builder_version=\u00bb4.21.0&#8243; text_font=\u00bb||||||||\u00bb text_font_size=\u00bb15px\u00bb text_line_height=\u00bb1.8em\u00bb custom_padding=\u00bb|||\u00bb custom_padding_tablet=\u00bb|40px||40px||true\u00bb custom_padding_last_edited=\u00bboff|desktop\u00bb hover_enabled=\u00bb0&#8243; global_colors_info=\u00bb{}\u00bb sticky_enabled=\u00bb0&#8243;]<\/p>\n<div align=\"left\"><span style=\"font-family: Verdana, Arial, Helvetica, sans-serif; font-size: small; color: #000080;\"><b><\/b><\/span><\/div>\n<div align=\"left\"><span style=\"font-family: Verdana, Arial, Helvetica, sans-serif; font-size: small; color: #000080;\"><b><\/b><\/span><\/div>\n<div align=\"left\"><span style=\"font-family: Verdana, Arial, Helvetica, sans-serif; font-size: small; color: #000080;\"><b><\/b><\/span><\/div>\n<div align=\"left\"><span style=\"font-family: Verdana, Arial, Helvetica, sans-serif; font-size: small; color: #000080;\"><b><\/b><\/span><\/div>\n<div align=\"left\"><span style=\"font-family: Verdana, Arial, Helvetica, sans-serif; font-size: small; color: #000080;\"><b>Funcionaria responsable de transparencia activa-\u00a0 Lea Danys Calero.<\/b><\/span><\/div>\n<div align=\"left\"><span style=\"font-family: Verdana, Arial, Helvetica, sans-serif; font-size: small; color: #000080;\"><b><br \/>MARCO JURIDICO APLICABLE AL ORGANISMO.-<\/b><\/span><\/div>\n<p align=\"left\">CONSTITUCION DE LA REPUBLICA.<br \/>LEY 9515 (LEY ORGANICA Y DE ADMINISTRACION DE LOS DEPARTAMENTOS).-<br \/>REGLAMENTO INTERNO JUNTA DEPARTAMENTAL DE FLORES (DECRETO DEPARTAMENTAL 0657 DEL 10\/11\/2008 SUS MODIFICATIVAS Y CONCORDANTES)<\/p>\n<p align=\"left\"><span style=\"font-family: Verdana, Arial, Helvetica, sans-serif; font-size: small; color: #000080;\"><b>\u00bf C\u00f3mo se elige ?<\/b><\/span><\/p>\n<p align=\"left\">El Gobierno Departamental est\u00e1 compuesto por el Legislativo Departamental (Junta Departamental) y el Ejecutivo Departamental (Intendencia).<br \/>La Junta Departamental es el \u00f3rgano legislativo y de contralor del Gobierno Departamental. Est\u00e1 compuesta por 31 miembros, que de acuerdo a la ley, se denominan Ediles. Al igual que los Intendentes, son elegidos en forma directa por la ciudadan\u00eda el segundo domingo del mes de mayo del a\u00f1o siguiente a las elecciones nacionales. Los Ediles asumen sus funciones, de car\u00e1cter honorario, sesenta d\u00edas despu\u00e9s de realizados los comicios departamentales, por un periodo de 5 a\u00f1os, pudiendo ser reelectos. Pueden ser Ediles los ciudadanos naturales o legales con tres a\u00f1os de ejercicio, mayores de 18 a\u00f1os y nativos del Departamento, o con al menos tres a\u00f1os de radicaci\u00f3n en el mismo.<br \/>La Junta dicta Decretos (leyes departamentales) y resoluciones con fuerza de ley dentro de su jurisdicci\u00f3n, a propuesta del Intendente o por su propia iniciativa.<br \/>La conformaci\u00f3n y funciones de la Junta Departamental est\u00e1n establecidas en la Ley Org\u00e1nica Municipal y en los art\u00edculos 262 a 273 de la Constituci\u00f3n de la Rep\u00fablica, siendo de aplicaci\u00f3n asimismo los art\u00edculos 284, 285 y 286 en materia de contralor al Ejecutivo Departamental.-<\/p>\n<p>[\/et_pb_text][\/et_pb_column_inner][\/et_pb_row_inner][\/et_pb_column][\/et_pb_section]<\/p>\n","protected":false},"excerpt":{"rendered":"<p>Marco Jur\u00eddico y Cometidos Funcionaria responsable de transparencia activa-\u00a0 Lea Danys Calero. MARCO JURIDICO APLICABLE AL ORGANISMO.- CONSTITUCION DE LA REPUBLICA.LEY 9515 (LEY ORGANICA Y DE ADMINISTRACION DE LOS DEPARTAMENTOS).-REGLAMENTO INTERNO JUNTA DEPARTAMENTAL DE FLORES (DECRETO DEPARTAMENTAL 0657 DEL 10\/11\/2008 SUS MODIFICATIVAS Y CONCORDANTES) \u00bf C\u00f3mo se elige ? El Gobierno Departamental est\u00e1 compuesto por [&hellip;]<\/p>\n","protected":false},"author":1,"featured_media":0,"parent":0,"menu_order":0,"comment_status":"closed","ping_status":"closed","template":"","meta":{"_et_pb_use_builder":"on","_et_pb_old_content":"","_et_gb_content_width":"","footnotes":""},"class_list":["post-47","page","type-page","status-publish","hentry"],"_links":{"self":[{"href":"https:\/\/www.juntadeflores.gub.uy\/index.php\/wp-json\/wp\/v2\/pages\/47","targetHints":{"allow":["GET"]}}],"collection":[{"href":"https:\/\/www.juntadeflores.gub.uy\/index.php\/wp-json\/wp\/v2\/pages"}],"about":[{"href":"https:\/\/www.juntadeflores.gub.uy\/index.php\/wp-json\/wp\/v2\/types\/page"}],"author":[{"embeddable":true,"href":"https:\/\/www.juntadeflores.gub.uy\/index.php\/wp-json\/wp\/v2\/users\/1"}],"replies":[{"embeddable":true,"href":"https:\/\/www.juntadeflores.gub.uy\/index.php\/wp-json\/wp\/v2\/comments?post=47"}],"version-history":[{"count":7,"href":"https:\/\/www.juntadeflores.gub.uy\/index.php\/wp-json\/wp\/v2\/pages\/47\/revisions"}],"predecessor-version":[{"id":1057,"href":"https:\/\/www.juntadeflores.gub.uy\/index.php\/wp-json\/wp\/v2\/pages\/47\/revisions\/1057"}],"wp:attachment":[{"href":"https:\/\/www.juntadeflores.gub.uy\/index.php\/wp-json\/wp\/v2\/media?parent=47"}],"curies":[{"name":"wp","href":"https:\/\/api.w.org\/{rel}","templated":true}]}}