{"id":48,"date":"2022-02-26T19:27:36","date_gmt":"2022-02-26T18:27:36","guid":{"rendered":"http:\/\/sitio.juntadeflores.gub.uy\/?page_id=48"},"modified":"2022-03-10T03:54:50","modified_gmt":"2022-03-10T02:54:50","slug":"estructura-organica","status":"publish","type":"page","link":"https:\/\/www.juntadeflores.gub.uy\/index.php\/estructura-organica\/","title":{"rendered":"Estructura Org\u00e1nica"},"content":{"rendered":"<p>[et_pb_section fb_built=\u00bb1&#8243; use_custom_gutter=\u00bbon\u00bb gutter_width=\u00bb1&#8243; specialty=\u00bbon\u00bb custom_padding_last_edited=\u00bbon|phone\u00bb background_color_2=\u00bb#f7f7f7&#8243; padding_top_2=\u00bb60px\u00bb admin_label=\u00bbAbout Us\u00bb module_class=\u00bb et_pb_specialty_fullwidth\u00bb _builder_version=\u00bb4.14.8&#8243; background_color_gradient_start=\u00bbrgba(12,12,12,0.4)\u00bb background_color_gradient_end=\u00bbrgba(12,12,12,0)\u00bb background_image=\u00bbhttp:\/\/sitio.juntadeflores.gub.uy\/wp-content\/uploads\/2022\/03\/estructura2.jpg\u00bb background_size=\u00bbcontain\u00bb background_position=\u00bbcenter_left\u00bb inner_width=\u00bb100%\u00bb inner_width_tablet=\u00bb100%\u00bb inner_width_phone=\u00bb100%\u00bb inner_width_last_edited=\u00bbon|desktop\u00bb inner_max_width=\u00bb100%\u00bb inner_max_width_tablet=\u00bb100%\u00bb inner_max_width_phone=\u00bb100%\u00bb inner_max_width_last_edited=\u00bbon|desktop\u00bb custom_margin=\u00bb|||\u00bb custom_padding=\u00bb0px|0px|0px|0px|true|false\u00bb custom_padding_tablet=\u00bb100px||100px||true|false\u00bb custom_padding_phone=\u00bb100px||100px||true|false\u00bb hover_enabled=\u00bb0&#8243; background_last_edited=\u00bbon|phone\u00bb background_image_tablet=\u00bbhttp:\/\/sitio.juntadeflores.gub.uy\/wp-content\/uploads\/2022\/03\/estructura1.jpg\u00bb background_enable_image_tablet=\u00bbon\u00bb parallax_tablet=\u00bboff\u00bb background_size_tablet=\u00bbcontain\u00bb background_size_phone=\u00bbcontain\u00bb background_position_tablet=\u00bbtop_center\u00bb make_fullwidth=\u00bbon\u00bb global_colors_info=\u00bb{}\u00bb sticky_enabled=\u00bb0&#8243;][et_pb_column type=\u00bb1_3&#8243; _builder_version=\u00bb3.25&#8243; custom_padding=\u00bb|||\u00bb global_colors_info=\u00bb{}\u00bb custom_padding__hover=\u00bb|||\u00bb][\/et_pb_column][et_pb_column type=\u00bb2_3&#8243; specialty_columns=\u00bb2&#8243; _builder_version=\u00bb3.25&#8243; background_color=\u00bb#f7f7f7&#8243; custom_padding=\u00bb|||\u00bb global_colors_info=\u00bb{}\u00bb custom_padding__hover=\u00bb|||\u00bb][et_pb_row_inner custom_padding_last_edited=\u00bbon|tablet\u00bb _builder_version=\u00bb3.25&#8243; custom_margin=\u00bb|||\u00bb custom_padding=\u00bb|0vw|45px|8vw|false|false\u00bb custom_padding_tablet=\u00bb|40px||40px||true\u00bb custom_padding_phone=\u00bb\u00bb global_colors_info=\u00bb{}\u00bb][et_pb_column_inner saved_specialty_column_type=\u00bb2_3&#8243; _builder_version=\u00bb3.25&#8243; custom_padding=\u00bb|||\u00bb global_colors_info=\u00bb{}\u00bb custom_padding__hover=\u00bb|||\u00bb][et_pb_text _builder_version=\u00bb4.14.8&#8243; text_font=\u00bb||||||||\u00bb header_font=\u00bb||||||||\u00bb header_2_font=\u00bbRubik|700|||||||\u00bb header_2_font_size=\u00bb42px\u00bb header_2_line_height=\u00bb1.2em\u00bb module_alignment=\u00bbcenter\u00bb custom_margin=\u00bb|||\u00bb custom_padding=\u00bb|||\u00bb header_2_font_size_tablet=\u00bb\u00bb header_2_font_size_phone=\u00bb36px\u00bb header_2_font_size_last_edited=\u00bbon|phone\u00bb locked=\u00bboff\u00bb global_colors_info=\u00bb{}\u00bb]<\/p>\n<h2>Estructura Org\u00e1nica<\/h2>\n<h3><strong>Ediles<\/strong><\/h3>\n<p>[\/et_pb_text][et_pb_divider color=\u00bb#ffb400&#8243; divider_position=\u00bbcenter\u00bb divider_weight=\u00bb5px\u00bb _builder_version=\u00bb3.9&#8243; max_width=\u00bb50px\u00bb global_colors_info=\u00bb{}\u00bb][\/et_pb_divider][\/et_pb_column_inner][\/et_pb_row_inner][et_pb_row_inner _builder_version=\u00bb4.14.8&#8243; _module_preset=\u00bbdefault\u00bb global_colors_info=\u00bb{}\u00bb][et_pb_column_inner saved_specialty_column_type=\u00bb2_3&#8243; _builder_version=\u00bb4.14.8&#8243; _module_preset=\u00bbdefault\u00bb global_colors_info=\u00bb{}\u00bb][et_pb_accordion _builder_version=\u00bb4.14.8&#8243; _module_preset=\u00bbdefault\u00bb global_colors_info=\u00bb{}\u00bb][et_pb_accordion_item title=\u00bbOr\u00edgenes y etimolog\u00eda\u00bb open=\u00bbon\u00bb _builder_version=\u00bb4.14.8&#8243; _module_preset=\u00bbdefault\u00bb global_colors_info=\u00bb{}\u00bb]<\/p>\n<p><span style=\"font-family: Verdana, Arial, Helvetica, sans-serif; font-size: medium;\"><span style=\"font-size: small;\"><em>Aediles Plebeii<\/em>\u00a0\u2013 Los Ediles de la Plebe<br \/>El origen de los ediles como magistratura \u00abextraoficial\u00bb ocurre en el a\u00f1o\u00a0<strong>494 A.C.<\/strong>\u00a0En un principio no reconocidos por el Senado, su tarea, seg\u00fan se cree, era la de simplemente asistir a los\u00a0<strong>tribunos<\/strong>\u00a0 magistratura<em>\u00a0<\/em>creada no casualmente ese mismo a\u00f1o a causa de los conflictos y tensiones entre plebeyos y patricios. Tanto el origen como las primeras funciones de los ediles siempre fueron motivo de candentes debates entre los historiadores.<\/span><\/span><\/p>\n<p><span style=\"font-family: Verdana, Arial, Helvetica, sans-serif; font-size: small;\">El origen de el termino \u00a0<strong><em>Edil<\/em><\/strong>\u00a0<em>(aedile en lat\u00edn)<\/em>\u00a0no es, claro. Edil proviene de\u00a0<strong><em>Aedes<\/em><\/strong>, nombre que se asocia con los edificios templo y principalmente con el\u00a0<strong>Templo de Ceres<\/strong>\u00a0<em>(Aedes Cereris)<\/em>. Esto y el hecho de que posteriormente los ediles fueran los encargados de la restauraci\u00f3n y mantenimiento de los templos y edificios p\u00fablicos, hizo creer durante muchos a\u00f1os que entre sus primeras tareas el mantenimiento de edificios era algo primordial. Sin embargo, hoy se sabe que esto no fue as\u00ed ya que, sus tareas de mantenimiento de los templos y edificios se les adjudic\u00f3 como tarea mucho tiempo despu\u00e9s.<\/span><\/p>\n<p><span style=\"font-family: Verdana, Arial, Helvetica, sans-serif; font-size: small;\">Hoy es aceptado entre los estudiosos establecer que la denominaci\u00f3n\u00a0<strong><em>Edil<\/em><\/strong>\u00a0s\u00ed nace asociada al\u00a0<strong>Templo de Ceres<\/strong>\u00a0(<em>Aedes<\/em>) pero no as\u00ed asociada a los edificios en s\u00ed mismos, sino que es porque all\u00ed, en el Templo de Ceres, era donde se manten\u00edan los\u00a0<strong>registros de la plebe<\/strong>, y los Ediles eran oficiales que generalmente trabajaban con estos registros. De hecho los Ediles fueron creados con el motivo de asistir a los tribunos, oficiales que se encargaban de proteger y velar por los derechos de los plebeyos a nivel ministerial.<\/span><\/p>\n<p>[\/et_pb_accordion_item][et_pb_accordion_item title=\u00bbTipos de Ediles\u00bb _builder_version=\u00bb4.14.8&#8243; _module_preset=\u00bbdefault\u00bb global_colors_info=\u00bb{}\u00bb open=\u00bboff\u00bb]<\/p>\n<h3><span style=\"font-family: Verdana, Arial, Helvetica, sans-serif; font-size: small;\">Ediles cereales<\/span><\/h3>\n<p><span style=\"font-family: Verdana, Arial, Helvetica, sans-serif; font-size: small;\">Este cargo fue creado por Julio Cesar, para el mismo se eleg\u00edan dos\u00a0<strong>Ediles plebeyos<\/strong>\u00a0encargados de controlar el suministro de grano hacia Roma. La distribuci\u00f3n del grano fue una de sus mayores preocupaciones ya que\u00a0 cuando estuvo en\u00a0<strong>Egipto<\/strong>\u00a0 dedic\u00f3 tiempo a administrar y ordenar el suministro de grano a Roma.<\/span><\/p>\n<h3><span style=\"font-family: Verdana, Arial, Helvetica, sans-serif; font-size: small;\">Ediles plebeyos<\/span><\/h3>\n<p><span style=\"font-family: Verdana, Arial, Helvetica, sans-serif; font-size: small;\">En un principio su tarea fue la de asistir como secretarios a los tribunos. Estos trabajaban generalmente en\u00a0<strong>Templo de Ceres<\/strong>, donde se hallaban los\u00a0<strong>registros de la plebe<\/strong>. Posteriormente tambi\u00e9n se encargar\u00edan de organizar distintos festivales y festividades, y durante un tiempo considerable desde su instauraci\u00f3n hasta la creaci\u00f3n de los ediles curules, no fueron completamente reconocidos, al menos de manera formal, por el Senado.<\/span><\/p>\n<h3><span style=\"font-family: Verdana, Arial, Helvetica, sans-serif; font-size: small;\">Ediles Curules<\/span><\/h3>\n<p><span style=\"font-family: Verdana, Arial, Helvetica, sans-serif; font-size: small;\">Seg\u00fan\u00a0<strong>Tito Livio<\/strong>\u00a0un evento\u00a0 durante\u00a0 el a\u00f1o\u00a0<strong>365 A.C.<\/strong>\u00a0cuando una\u00a0<strong><em>Senatus Consultum<\/em><\/strong>\u00a0agrega un d\u00eda m\u00e1s a la festividad denominada\u00a0<strong><em>Ludi Maximi<\/em><\/strong>, extendi\u00e9ndola a cuatro d\u00edas. Los\u00a0<strong>Ediles plebeyos<\/strong>\u00a0se niegan rotundamente a organizar este cuarto d\u00eda, y mucho menos a pagarlo. A causa de este conflicto se llega a un acuerdo entre ambas partes. Se establece que los patricios paguen por estos gastos extras y a causa de ello, de aqu\u00ed en m\u00e1s, fueron anualmente dos patricios elegidos como\u00a0<em><strong>Ediles curules<\/strong><\/em>\u00a0<em>-Curul justamente haciendo referencia a su estatus patricio, proveniente de la Silla Curul-<\/em>. Es as\u00ed, que entonces, el Senado por su parte termina finalmente reconociendo a los\u00a0<strong>Ediles plebeyos<\/strong>\u00a0como una magistratura oficial del gobierno romano, sellando y formalizando lo acordado con la promulgaci\u00f3n de la\u00a0<strong><em>Lex Furia de Aedilibus<\/em><\/strong>.<\/span><\/p>\n<p><span style=\"font-family: Verdana, Arial, Helvetica, sans-serif; font-size: small;\">En un principio los\u00a0<strong>Ediles curules<\/strong>\u00a0tuvieron un poder superior al de los\u00a0<strong>Ediles plebeyos<\/strong>. Sin embargo, gradualmente las dos magistraturas, que en realidad intentaban ser la misma pero para distintas clases, se fueron igualando al acabarse el conflicto.<br \/>Tambi\u00e9n veremos una variaci\u00f3n gradual con respecto a los requisitos para presentarse como candidatos a ediles curules. De ser exclusivamente una magistratura patricia se comenzaron a aceptar posteriormente tanto patricios y plebeyos de manera alterna, para luego ser indiferente el status social como requisito.<\/span><\/p>\n<p>[\/et_pb_accordion_item][et_pb_accordion_item title=\u00bbFunciones y tareas de los Ediles\u00bb _builder_version=\u00bb4.14.8&#8243; _module_preset=\u00bbdefault\u00bb global_colors_info=\u00bb{}\u00bb open=\u00bboff\u00bb]<\/p>\n<p><span style=\"font-family: Verdana, Arial, Helvetica, sans-serif; font-size: small;\">Las tareas y obligaciones de los Ediles no solo fueron variando ampliamente y se modificaron en alcance e importancia con el pasar de los a\u00f1os, sino que muchas veces llegan a ser extremadamente confusas al mezclarse con las funciones que hist\u00f3ricamente se encontraban asignadas a otras magistraturas. En un principio los ediles comenzaron realizando tareas simples, como la de servir de asistentes y secretarios a los\u00a0<strong>tribunos<\/strong>\u00a0en los\u00a0<strong>archivos de la plebe<\/strong>.<br \/>No obstante, con el pasar del tiempo fueron ganando importancia y para el tercer y segundo siglo antes de Cristo los ediles fueron los encargados del mantenimiento de la ciudad y el cuidado y mantenimiento de los edificios p\u00fablicos y templos.<br \/>Durante la Rep\u00fablica las tareas de los Ediles consist\u00edan del\u00a0<strong>cuidado de la ciudad<\/strong>, el estado de los edificios p\u00fablicos, templos, etc., el\u00a0<strong>cuidado de las provisiones<\/strong>\u00a0y el suministro de grano hacia Roma, as\u00ed como finalmente la\u00a0<strong>administraci\u00f3n de los juegos<\/strong>.<\/span><\/p>\n<p><span style=\"font-family: Verdana, Arial, Helvetica, sans-serif; font-size: small;\">Durante el Imperio, no obstante, las funciones de los Ediles fueron disminuyendo en importancia y alcance hasta volverse dicha magistratura en un puesto pr\u00e1cticamente obsoleto solo mantenido en vigencia por una simple cuesti\u00f3n de tradici\u00f3n y nada m\u00e1s.<\/span><\/p>\n<p>[\/et_pb_accordion_item][et_pb_accordion_item title=\u00bbCantidad de Ediles\u00bb _builder_version=\u00bb4.14.8&#8243; _module_preset=\u00bbdefault\u00bb global_colors_info=\u00bb{}\u00bb open=\u00bboff\u00bb]<\/p>\n<p><span style=\"font-family: Verdana, Arial, Helvetica, sans-serif; font-size: small;\">En un principio dos ediles plebeyos eran elegidos anualmente. Con la instauraci\u00f3n de los\u00a0<strong>Ediles curules<\/strong>\u00a0pasaron a ser cuatro, dos plebeyos y dos curules. Dicha cifra se mantuvo est\u00e1tica por siglos hasta que en el\u00a0<strong>45 AC<\/strong>\u00a0fue Julio Cesar quien asign\u00f3 dos\u00a0<strong>Ediles plebeyos<\/strong>\u00a0nuevos cuya funci\u00f3n seria exclusiva al control y suministro del grano hacia\u00a0 Roma. Estos dos nuevos ediles pasaron a ser denominados como\u00a0<strong>Ediles cereales<\/strong>. No obstante, tambi\u00e9n pose\u00edan algunas funciones policiales limitadas.<\/span><\/p>\n<p><span style=\"font-family: Verdana, Arial, Helvetica, sans-serif; font-size: small;\">Agripa es considerado como el \u00faltimo Edil de importancia. Durante su t\u00e9rmino pag\u00f3 con dinero propio la reparaci\u00f3n de una inmensa cantidad de edificios y caminos. De hecho no tom\u00f3 dinero del tesoro para sus tareas.<\/span><\/p>\n<p>[\/et_pb_accordion_item][et_pb_accordion_item title=\u00bbHistoria en Uruguay\u00bb _builder_version=\u00bb4.14.8&#8243; _module_preset=\u00bbdefault\u00bb global_colors_info=\u00bb{}\u00bb open=\u00bboff\u00bb]<\/p>\n<p><span style=\"font-family: Verdana, Arial, Helvetica, sans-serif; font-size: small;\"><strong>El antecedente de las Juntas Departamentales (\u00f3rgano legislativo del gobierno de los\u00a0departamentos de la\u00a0Rep\u00fablica Oriental del Uruguay) se lo encuentra en\u00a0 las Juntas Econ\u00f3mico-Administrativas, creadas en 1908 durante el Gobierno de Claudio Williman \u00a0con la promulgaci\u00f3n de la Ley Org\u00e1nica de las Juntas Econ\u00f3mico-Administrativas (gobiernos locales). Desde\u00a0 1830\u00a0 (nuestra primera Constituci\u00f3n) hasta esa fecha el gobierno departamental era ejercido por el\u00a0Jefe Pol\u00edtico y de Polic\u00eda del departamento.<\/strong><\/span><span style=\"font-size: small;\"><strong><span style=\"font-family: Verdana, Arial, Helvetica, sans-serif;\">Las Intendencias y las Juntas fueron suprimidas por la\u00a0Constituci\u00f3n de 1918,\u00a0 en esta nueva Constituci\u00f3n: se estableci\u00f3 que los gobierno de los Departamentos pasaron a estar integrados por dos \u00f3rganos: el Consejo de Administraci\u00f3n y la Asamblea Representativa. El Consejo de Administraci\u00f3n era \u00f3rgano ejecutivo. Duraba tres a\u00f1os en funciones y lo integraban entre tres y siete miembros elegidos directamente por el pueblo. En 1919 se estableci\u00f3 que la Asamblea Representativa tendr\u00eda un miembro por cada 1.000 habitantes, rigiendo la representaci\u00f3n proporcional. Estos gobiernos atend\u00edan los asuntos departamentales y creaban impuestos.Con el\u00a0 golpe de estado de\u00a0Gabriel Terra en 1933 y su nueva Constituci\u00f3n presidencialista de 1934 se restableci\u00f3 el decreto de 1908-. La\u00a0Constituci\u00f3n de 1952 cre\u00f3 la figura de los Concejos Departamentales, que constitu\u00edan ejecutivos colegiados, de siete miembros en Montevideo y cinco en el interior, y que gobernar\u00edan en conjunto con las Juntas. Las \u00a0Intendencias y las Juntas Departamentales fueron restablecidas, como se conocen en la actualidad en la Constituci\u00f3n de 1967.<\/span><\/strong><\/span><\/p>\n<p>[\/et_pb_accordion_item][\/et_pb_accordion][\/et_pb_column_inner][\/et_pb_row_inner][\/et_pb_column][\/et_pb_section]<\/p>\n","protected":false},"excerpt":{"rendered":"<p>Estructura Org\u00e1nica EdilesAediles Plebeii\u00a0\u2013 Los Ediles de la PlebeEl origen de los ediles como magistratura \u00abextraoficial\u00bb ocurre en el a\u00f1o\u00a0494 A.C.\u00a0En un principio no reconocidos por el Senado, su tarea, seg\u00fan se cree, era la de simplemente asistir a los\u00a0tribunos\u00a0 magistratura\u00a0creada no casualmente ese mismo a\u00f1o a causa de los conflictos y tensiones entre plebeyos [&hellip;]<\/p>\n","protected":false},"author":1,"featured_media":0,"parent":0,"menu_order":0,"comment_status":"closed","ping_status":"closed","template":"","meta":{"_et_pb_use_builder":"on","_et_pb_old_content":"","_et_gb_content_width":"","footnotes":""},"class_list":["post-48","page","type-page","status-publish","hentry"],"_links":{"self":[{"href":"https:\/\/www.juntadeflores.gub.uy\/index.php\/wp-json\/wp\/v2\/pages\/48","targetHints":{"allow":["GET"]}}],"collection":[{"href":"https:\/\/www.juntadeflores.gub.uy\/index.php\/wp-json\/wp\/v2\/pages"}],"about":[{"href":"https:\/\/www.juntadeflores.gub.uy\/index.php\/wp-json\/wp\/v2\/types\/page"}],"author":[{"embeddable":true,"href":"https:\/\/www.juntadeflores.gub.uy\/index.php\/wp-json\/wp\/v2\/users\/1"}],"replies":[{"embeddable":true,"href":"https:\/\/www.juntadeflores.gub.uy\/index.php\/wp-json\/wp\/v2\/comments?post=48"}],"version-history":[{"count":10,"href":"https:\/\/www.juntadeflores.gub.uy\/index.php\/wp-json\/wp\/v2\/pages\/48\/revisions"}],"predecessor-version":[{"id":466,"href":"https:\/\/www.juntadeflores.gub.uy\/index.php\/wp-json\/wp\/v2\/pages\/48\/revisions\/466"}],"wp:attachment":[{"href":"https:\/\/www.juntadeflores.gub.uy\/index.php\/wp-json\/wp\/v2\/media?parent=48"}],"curies":[{"name":"wp","href":"https:\/\/api.w.org\/{rel}","templated":true}]}}